{"id":398,"date":"2025-06-16T15:47:33","date_gmt":"2025-06-16T13:47:33","guid":{"rendered":"http:\/\/kodnvcb.cluster100.hosting.ovh.net\/?page_id=398"},"modified":"2026-01-21T06:33:53","modified_gmt":"2026-01-21T05:33:53","slug":"contactez-nous","status":"publish","type":"page","link":"https:\/\/www.fieniarnaud-antiquites-brocante-valenciennes.com\/index.php\/contactez-nous\/","title":{"rendered":"Contactez nous"},"content":{"rendered":"\t\t<div data-elementor-type=\"wp-page\" data-elementor-id=\"398\" class=\"elementor elementor-398\">\n\t\t\t\t<div class=\"elementor-element elementor-element-20a6418 e-con-full e-flex e-con e-parent\" data-id=\"20a6418\" data-element_type=\"container\" data-settings=\"{&quot;background_background&quot;:&quot;classic&quot;}\">\n\t\t\t\t<div class=\"elementor-element elementor-element-bf9dd1d elementor-widget elementor-widget-html\" data-id=\"bf9dd1d\" data-element_type=\"widget\" data-widget_type=\"html.default\">\n\t\t\t\t<div class=\"elementor-widget-container\">\n\t\t\t\t\t<div class=\"marquee-container\">\r\n  <div class=\"marquee-text\">\r\n    Sp\u00e9cialiste du d\u00e9barras, vide-maison, successions et achat d\u2019or, nous rachetons comptant vos objets de valeur.\r\n  <\/div>\r\n<\/div>\r\n\r\n<style>\r\n@import url('https:\/\/fonts.googleapis.com\/css2?family=Arial&display=swap');\r\n\r\n.marquee-container {\r\n  width: 100%;\r\n  overflow: hidden;\r\n}\r\n\r\n.marquee-text {\r\n  display: inline-block;\r\n  white-space: nowrap;\r\n  padding-left: 100%;\r\n  font-size: 18px;\r\n  color: white;\r\n  font-family: Arial, sans-serif;\r\n  animation: marquee 25s linear infinite;\r\n}\r\n\r\n@keyframes marquee {\r\n  0% {\r\n    transform: translateX(0%);\r\n  }\r\n  100% {\r\n    transform: translateX(-100%);\r\n  }\r\n}\r\n\r\n\/* Mobile : r\u00e9duire la taille du texte si n\u00e9cessaire *\/\r\n@media (max-width: 500px) {\r\n  .marquee-text {\r\n    font-size: 16px;\r\n  }\r\n}\r\n<\/style>\r\n\t\t\t\t<\/div>\n\t\t\t\t<\/div>\n\t\t\t\t<\/div>\n\t\t<div class=\"elementor-element elementor-element-1f10abf e-con-full e-flex e-con e-parent\" data-id=\"1f10abf\" data-element_type=\"container\" data-settings=\"{&quot;background_background&quot;:&quot;classic&quot;}\">\n\t\t<div class=\"elementor-element elementor-element-fdd2fea e-con-full e-flex e-con e-child\" data-id=\"fdd2fea\" data-element_type=\"container\" data-settings=\"{&quot;background_background&quot;:&quot;classic&quot;}\">\n\t\t\t\t<div class=\"elementor-element elementor-element-e6ecf35 elementor-widget elementor-widget-html\" data-id=\"e6ecf35\" data-element_type=\"widget\" data-widget_type=\"html.default\">\n\t\t\t\t<div class=\"elementor-widget-container\">\n\t\t\t\t\t<style>\r\n@import url('https:\/\/fonts.googleapis.com\/css2?family=Arial&display=swap');\r\n@import url('https:\/\/fonts.googleapis.com\/css2?family=Dancing+Script&display=swap');\r\n\r\n.menu-overlay {\r\n  position: relative;\r\n  left: 0;\r\n  right: 0;\r\n  top: 0;\r\n  width: 100vw;\r\n  max-width: 100%;\r\n  background-color: rgba(80, 0, 20, 0.83);\r\n  color: white;\r\n  z-index: 2;\r\n  padding: 15px 30px;\r\n  display: flex;\r\n  justify-content: space-between;\r\n  gap: 40px;\r\n  font-weight: bold;\r\n  align-items: center;\r\n  font-family: Arial, sans-serif;\r\n  box-sizing: border-box;\r\n}\r\n\r\n.menu-overlay a {\r\n  color: white;\r\n  text-decoration: none;\r\n  font-size: 16px;\r\n  transition: color 0.3s;\r\n  padding: 10px 20px;\r\n}\r\n\r\n.menu-overlay a:hover {\r\n  color: white;\r\n  background-color: #a61e3d;\r\n  padding: 10px 20px;\r\n  border-radius: 5px;\r\n}\r\n\r\n.site-name {\r\n  font-family: 'Dancing Script', cursive;\r\n  font-size: 2em;\r\n}\r\n\r\n\/* MENU BURGER (mobile) *\/\r\n#menu-toggle {\r\n  display: none;\r\n}\r\n\r\n.menu-burger {\r\n  display: none;\r\n  cursor: pointer;\r\n  width: 30px;\r\n  height: 25px;\r\n  position: relative;\r\n  z-index: 3;\r\n}\r\n\r\n.menu-burger span {\r\n  display: block;\r\n  height: 3px;\r\n  background: white;\r\n  margin: 5px 0;\r\n  border-radius: 2px;\r\n  transition: 0.3s;\r\n}\r\n\r\n\/* Responsive : Burger menu *\/\r\n@media (max-width: 768px) {\r\n  .menu-overlay {\r\n    flex-direction: column;\r\n    align-items: flex-start;\r\n    gap: 10px;\r\n  }\r\n\r\n  .menu-overlay a {\r\n    display: none;\r\n    width: 100%;\r\n    padding: 12px;\r\n    background-color: #800020;\r\n    margin-top: 5px;\r\n    border-radius: 5px;\r\n    text-align: center;\r\n  }\r\n\r\n  .menu-burger {\r\n    display: block;\r\n  }\r\n\r\n  #menu-toggle:checked ~ a {\r\n    display: block;\r\n  }\r\n\r\n  .site-name {\r\n    font-size: 1.5em;\r\n  }\r\n}\r\n.menu-overlay .logolien:hover {\r\n    background-color: transparent;\r\n}\r\n<\/style>\r\n\r\n<div class=\"menu-overlay\">\r\n  <a class=\"logolien\" href=\"https:\/\/www.fieniarnaud-antiquites-brocante-valenciennes.com\/\"><div class=\"site-name\">Antiquit\u00e9s Fieni Arnaud<\/div><\/a>\r\n  <input type=\"checkbox\" id=\"menu-toggle\" \/>\r\n  <label class=\"menu-burger\" for=\"menu-toggle\">\r\n    <span><\/span>\r\n    <span><\/span>\r\n    <span><\/span>\r\n  <\/label>\r\n     <a href=\"https:\/\/www.fieniarnaud-antiquites-brocante-valenciennes.com\/\">Accueil<\/a>\r\n    <a href=\"https:\/\/www.fieniarnaud-antiquites-brocante-valenciennes.com\/index.php\/demande-de-devis-vide-maison-debarras\/\">Vide Maison \/ D\u00e9barras<\/a>\r\n    <a href=\"https:\/\/www.fieniarnaud-antiquites-brocante-valenciennes.com\/index.php\/achat-cash-antiquites-fieni-arnaud-2\/\">Achat Cash<\/a>\r\n  <a href=\"\/index.php\/contactez-nous\/\">Contact<\/a>\r\n<\/div>\r\n\t\t\t\t<\/div>\n\t\t\t\t<\/div>\n\t\t\t\t<\/div>\n\t\t\t\t<\/div>\n\t\t<div class=\"elementor-element elementor-element-182f99b e-con-full e-flex e-con e-parent\" data-id=\"182f99b\" data-element_type=\"container\">\n\t\t\t\t<div class=\"elementor-element elementor-element-01ca71e elementor-widget elementor-widget-html\" data-id=\"01ca71e\" data-element_type=\"widget\" data-widget_type=\"html.default\">\n\t\t\t\t<div class=\"elementor-widget-container\">\n\t\t\t\t\t   <p style=\"font-family: 'Dancing Script', cursive; color: #a61e3d; font-size: 36px; font-weight: normal; margin-bottom: 12px;\">\r\n  Une question ? Besoin d\u2019aide ?\r\n<\/p>\r\n\r\n<p class=\"text-gray-700 mb-6\">\r\n  Contactez-nous ! Nous serons ravis de vous renseigner rapidement et simplement.\r\n<\/p>\r\n\t\t\t\t<\/div>\n\t\t\t\t<\/div>\n\t\t\t\t<\/div>\n\t\t<div class=\"elementor-element elementor-element-4e06e26 e-con-full e-flex e-con e-parent\" data-id=\"4e06e26\" data-element_type=\"container\">\n\t\t<div class=\"elementor-element elementor-element-5be930c e-con-full e-flex e-con e-child\" data-id=\"5be930c\" data-element_type=\"container\">\n\t\t\t\t<div class=\"elementor-element elementor-element-ed96af3 elementor-widget elementor-widget-google_maps\" data-id=\"ed96af3\" data-element_type=\"widget\" data-widget_type=\"google_maps.default\">\n\t\t\t\t<div class=\"elementor-widget-container\">\n\t\t\t\t\t\t\t<div class=\"elementor-custom-embed\">\n\t\t\t<iframe loading=\"lazy\"\n\t\t\t\t\tsrc=\"https:\/\/maps.google.com\/maps?q=2%20Rue%20d%27Hurtebise%2C%2059125%20Trith-Saint-L%C3%A9ger&#038;t=m&#038;z=15&#038;output=embed&#038;iwloc=near\"\n\t\t\t\t\ttitle=\"2 Rue d&#039;Hurtebise, 59125 Trith-Saint-L\u00e9ger\"\n\t\t\t\t\taria-label=\"2 Rue d&#039;Hurtebise, 59125 Trith-Saint-L\u00e9ger\"\n\t\t\t><\/iframe>\n\t\t<\/div>\n\t\t\t\t\t\t<\/div>\n\t\t\t\t<\/div>\n\t\t\t\t<\/div>\n\t\t<div class=\"elementor-element elementor-element-c22423a e-con-full e-flex e-con e-child\" data-id=\"c22423a\" data-element_type=\"container\">\n\t\t\t\t<div class=\"elementor-element elementor-element-7705272 elementor-widget elementor-widget-html\" data-id=\"7705272\" data-element_type=\"widget\" data-widget_type=\"html.default\">\n\t\t\t\t<div class=\"elementor-widget-container\">\n\t\t\t\t\t<div style=\"background-color: #f9f9f9; border: 1px solid #ddd; padding: 20px; border-radius: 8px; max-width: 400px; font-family: Arial, sans-serif;\">\r\n\r\n\r\n  <p style=\"margin: 8px 0;\">\r\n    <strong>Adresse :<\/strong><br>\r\n    2 Rue d'Hurtebise<br>\r\n    59125 Trith-Saint-L\u00e9ger\r\n  <\/p>\r\n\r\n  <p style=\"margin: 8px 0;\">\r\n    <strong>T\u00e9l\u00e9phone :<\/strong><br>\r\n    <a href=\"tel:0668562240\" style=\"color: #a61e3d; text-decoration: none;\">06 68 56 22 40<\/a>\r\n  <\/p>\r\n\r\n  <p style=\"margin: 8px 0;\">\r\n    <strong>Email :<\/strong><br>\r\n    <a href=\"mailto:arnaud.fieni@orange.fr\" style=\"color: #a61e3d; text-decoration: none;\">arnaud.fieni@orange.fr<\/a>\r\n  <\/p>\r\n  <a href=\"https:\/\/www.pagesjaunes.fr\/pros\/\/55130595\" target=\"_blank\">Informations PagesJaunes<\/a>\r\n <br>\r\n  <a href=\"https:\/\/www.facebook.com\/p\/Antiquit%C3%A9s-Fieni-Arnaud-100089751714906\/\" class=\"facebook-link\" aria-label=\"Facebook\">\r\n  <svg xmlns=\"http:\/\/www.w3.org\/2000\/svg\" viewBox=\"0 0 24 24\" class=\"facebook-icon\">\r\n    <path d=\"M22.675 0h-21.35C.597 0 0 .597 0 1.326v21.348C0 23.403.597 24 1.326 24h11.495v-9.294H9.691V11.01h3.13V8.413c0-3.1 1.893-4.788 4.659-4.788 1.325 0 2.463.099 2.795.143v3.24h-1.918c-1.504 0-1.795.715-1.795 1.763v2.31h3.587l-.467 3.696h-3.12V24h6.116C23.403 24 24 23.403 24 22.674V1.326C24 .597 23.403 0 22.675 0z\"\/>\r\n  <\/svg>\r\n<\/a>\r\n\r\n\r\n<\/div>\r\n<style>\r\n    .facebook-link {\r\n  display: inline-flex;\r\n  align-items: center;\r\n  justify-content: center;\r\n  width: 48px;\r\n  height: 48px;\r\n  background-color: #1877f2;\r\n  border-radius: 50%;\r\n  text-decoration: none;\r\n  transition: background-color 0.3s ease;\r\n}\r\n\r\n.facebook-link:hover {\r\n  background-color: #145dbf;\r\n}\r\n\r\n.facebook-icon {\r\n  width: 24px;\r\n  height: 24px;\r\n  fill: #ffffff;\r\n}\r\n\r\n<\/style>\r\n\t\t\t\t<\/div>\n\t\t\t\t<\/div>\n\t\t\t\t<\/div>\n\t\t\t\t<\/div>\n\t\t<div class=\"elementor-element elementor-element-77fa639 e-flex e-con-boxed e-con e-parent\" data-id=\"77fa639\" data-element_type=\"container\">\n\t\t\t\t\t<div class=\"e-con-inner\">\n\t\t<div class=\"elementor-element elementor-element-bb3ef58 e-con-full e-flex e-con e-child\" data-id=\"bb3ef58\" data-element_type=\"container\">\n\t\t\t\t<div class=\"elementor-element elementor-element-8e392e7 elementor-widget elementor-widget-html\" data-id=\"8e392e7\" data-element_type=\"widget\" data-widget_type=\"html.default\">\n\t\t\t\t<div class=\"elementor-widget-container\">\n\t\t\t\t\t\r\n\r\n\r\n  <p style=\"margin: 8px 0;\">\r\n    <strong>La soci\u00e9t\u00e9 :<\/strong><br>\r\n<li><a href=\"https:\/\/www.fieniarnaud-antiquites-brocante-valenciennes.com\/index.php\/demande-de-devis-vide-maison-debarras\/\">Vide Maison \/ d\u00e9barras<\/a><\/li>\r\n<li><a href=\"https:\/\/www.fieniarnaud-antiquites-brocante-valenciennes.com\/index.php\/achat-cash-antiquites-fieni-arnaud-2\/\">Achat Cash<\/a><\/li>\r\n \t<li><a href=\"https:\/\/www.fieniarnaud-antiquites-brocante-valenciennes.com\/index.php\/contactez-nous\/\">Contactez nous<\/a><\/li>\r\n \t \t<li><a href=\"https:\/\/www.fieniarnaud-antiquites-brocante-valenciennes.com\/index.php\/mentions\/\">Mentions l\u00e9gales<\/a><\/li>\r\n \t<\/p>\r\n\t\t\t\t<\/div>\n\t\t\t\t<\/div>\n\t\t\t\t<div class=\"elementor-element elementor-element-d3035bc elementor-widget elementor-widget-text-editor\" data-id=\"d3035bc\" data-element_type=\"widget\" data-widget_type=\"text-editor.default\">\n\t\t\t\t<div class=\"elementor-widget-container\">\n\t\t\t\t\t\t\t\t\t<p>Un site r\u00e9alis\u00e9 par <a href=\"http:\/\/www.solutionspdv.fr\"><strong>Solutions PDV<\/strong><\/a> Cysoing<\/p>\t\t\t\t\t\t\t\t<\/div>\n\t\t\t\t<\/div>\n\t\t\t\t<\/div>\n\t\t\t\t\t<\/div>\n\t\t\t\t<\/div>\n\t\t\t\t<\/div>\n\t\t","protected":false},"excerpt":{"rendered":"<p>Sp\u00e9cialiste du d\u00e9barras, vide-maison, successions et achat d\u2019or, nous rachetons comptant vos objets de valeur. Antiquit\u00e9s Fieni Arnaud Accueil Vide Maison \/ D\u00e9barras Achat Cash Contact Une question ? Besoin d\u2019aide ? Contactez-nous ! Nous serons ravis de vous renseigner rapidement et simplement. Adresse : 2 Rue d&rsquo;Hurtebise 59125 Trith-Saint-L\u00e9ger T\u00e9l\u00e9phone : 06 68 56 [&hellip;]<\/p>\n","protected":false},"author":2,"featured_media":0,"parent":0,"menu_order":0,"comment_status":"closed","ping_status":"closed","template":"elementor_canvas","meta":{"footnotes":""},"class_list":["post-398","page","type-page","status-publish","hentry"],"yoast_head":"<!-- This site is optimized with the Yoast SEO plugin v25.2 - https:\/\/yoast.com\/wordpress\/plugins\/seo\/ -->\n<title>Vide-maison, d\u00e9barras, rachat d\u2019or ou de meubles \u2013 Estimation gratuite<\/title>\n<meta name=\"description\" content=\"Besoin d\u2019un d\u00e9barras rapide ou d\u2019un vide-maison ? Nous rachetons meubles, objets de valeur, bibelots et m\u00eame de l\u2019or. Intervention rapide, estimation gratuite et discr\u00e9tion assur\u00e9e. Contactez-nous d\u00e8s aujourd\u2019hui.\" \/>\n<meta name=\"robots\" content=\"index, follow, max-snippet:-1, max-image-preview:large, max-video-preview:-1\" \/>\n<link rel=\"canonical\" href=\"https:\/\/www.fieniarnaud-antiquites-brocante-valenciennes.com\/index.php\/contactez-nous\/\" \/>\n<meta property=\"og:locale\" content=\"fr_FR\" \/>\n<meta property=\"og:type\" content=\"article\" \/>\n<meta property=\"og:title\" content=\"Vide-maison, d\u00e9barras, rachat d\u2019or ou de meubles \u2013 Estimation gratuite\" \/>\n<meta property=\"og:description\" content=\"Besoin d\u2019un d\u00e9barras rapide ou d\u2019un vide-maison ? Nous rachetons meubles, objets de valeur, bibelots et m\u00eame de l\u2019or. Intervention rapide, estimation gratuite et discr\u00e9tion assur\u00e9e. Contactez-nous d\u00e8s aujourd\u2019hui.\" \/>\n<meta property=\"og:url\" content=\"https:\/\/www.fieniarnaud-antiquites-brocante-valenciennes.com\/index.php\/contactez-nous\/\" \/>\n<meta property=\"og:site_name\" content=\"Antiquit\u00e9s FIENI Arnaud\" \/>\n<meta property=\"article:modified_time\" content=\"2026-01-21T05:33:53+00:00\" \/>\n<meta name=\"twitter:card\" content=\"summary_large_image\" \/>\n<meta name=\"twitter:label1\" content=\"Dur\u00e9e de lecture estim\u00e9e\" \/>\n\t<meta name=\"twitter:data1\" content=\"1 minute\" \/>\n<script type=\"application\/ld+json\" class=\"yoast-schema-graph\">{\"@context\":\"https:\/\/schema.org\",\"@graph\":[{\"@type\":\"WebPage\",\"@id\":\"https:\/\/www.fieniarnaud-antiquites-brocante-valenciennes.com\/index.php\/contactez-nous\/\",\"url\":\"https:\/\/www.fieniarnaud-antiquites-brocante-valenciennes.com\/index.php\/contactez-nous\/\",\"name\":\"Vide-maison, d\u00e9barras, rachat d\u2019or ou de meubles \u2013 Estimation gratuite\",\"isPartOf\":{\"@id\":\"https:\/\/www.fieniarnaud-antiquites-brocante-valenciennes.com\/#website\"},\"datePublished\":\"2025-06-16T13:47:33+00:00\",\"dateModified\":\"2026-01-21T05:33:53+00:00\",\"description\":\"Besoin d\u2019un d\u00e9barras rapide ou d\u2019un vide-maison ? Nous rachetons meubles, objets de valeur, bibelots et m\u00eame de l\u2019or. Intervention rapide, estimation gratuite et discr\u00e9tion assur\u00e9e. Contactez-nous d\u00e8s aujourd\u2019hui.\",\"breadcrumb\":{\"@id\":\"https:\/\/www.fieniarnaud-antiquites-brocante-valenciennes.com\/index.php\/contactez-nous\/#breadcrumb\"},\"inLanguage\":\"fr-FR\",\"potentialAction\":[{\"@type\":\"ReadAction\",\"target\":[\"https:\/\/www.fieniarnaud-antiquites-brocante-valenciennes.com\/index.php\/contactez-nous\/\"]}]},{\"@type\":\"BreadcrumbList\",\"@id\":\"https:\/\/www.fieniarnaud-antiquites-brocante-valenciennes.com\/index.php\/contactez-nous\/#breadcrumb\",\"itemListElement\":[{\"@type\":\"ListItem\",\"position\":1,\"name\":\"Accueil\",\"item\":\"https:\/\/www.fieniarnaud-antiquites-brocante-valenciennes.com\/\"},{\"@type\":\"ListItem\",\"position\":2,\"name\":\"Contactez nous\"}]},{\"@type\":\"WebSite\",\"@id\":\"https:\/\/www.fieniarnaud-antiquites-brocante-valenciennes.com\/#website\",\"url\":\"https:\/\/www.fieniarnaud-antiquites-brocante-valenciennes.com\/\",\"name\":\"Antiquit\u00e9 FIENI Arnaud\",\"description\":\"Vide maison - D\u00e9barras - Achat Cash\",\"publisher\":{\"@id\":\"https:\/\/www.fieniarnaud-antiquites-brocante-valenciennes.com\/#organization\"},\"potentialAction\":[{\"@type\":\"SearchAction\",\"target\":{\"@type\":\"EntryPoint\",\"urlTemplate\":\"https:\/\/www.fieniarnaud-antiquites-brocante-valenciennes.com\/?s={search_term_string}\"},\"query-input\":{\"@type\":\"PropertyValueSpecification\",\"valueRequired\":true,\"valueName\":\"search_term_string\"}}],\"inLanguage\":\"fr-FR\"},{\"@type\":\"Organization\",\"@id\":\"https:\/\/www.fieniarnaud-antiquites-brocante-valenciennes.com\/#organization\",\"name\":\"Vide Maison - D\u00e9barras - Achat d'Or\",\"url\":\"https:\/\/www.fieniarnaud-antiquites-brocante-valenciennes.com\/\",\"logo\":{\"@type\":\"ImageObject\",\"inLanguage\":\"fr-FR\",\"@id\":\"https:\/\/www.fieniarnaud-antiquites-brocante-valenciennes.com\/#\/schema\/logo\/image\/\",\"url\":\"http:\/\/kodnvcb.cluster100.hosting.ovh.net\/wp-content\/uploads\/2025\/06\/Achat-Cash-miroir-dore.jpg\",\"contentUrl\":\"http:\/\/kodnvcb.cluster100.hosting.ovh.net\/wp-content\/uploads\/2025\/06\/Achat-Cash-miroir-dore.jpg\",\"width\":640,\"height\":640,\"caption\":\"Vide Maison - D\u00e9barras - Achat d'Or\"},\"image\":{\"@id\":\"https:\/\/www.fieniarnaud-antiquites-brocante-valenciennes.com\/#\/schema\/logo\/image\/\"}}]}<\/script>\n<!-- \/ Yoast SEO plugin. -->","yoast_head_json":{"title":"Vide-maison, d\u00e9barras, rachat d\u2019or ou de meubles \u2013 Estimation gratuite","description":"Besoin d\u2019un d\u00e9barras rapide ou d\u2019un vide-maison ? Nous rachetons meubles, objets de valeur, bibelots et m\u00eame de l\u2019or. Intervention rapide, estimation gratuite et discr\u00e9tion assur\u00e9e. Contactez-nous d\u00e8s aujourd\u2019hui.","robots":{"index":"index","follow":"follow","max-snippet":"max-snippet:-1","max-image-preview":"max-image-preview:large","max-video-preview":"max-video-preview:-1"},"canonical":"https:\/\/www.fieniarnaud-antiquites-brocante-valenciennes.com\/index.php\/contactez-nous\/","og_locale":"fr_FR","og_type":"article","og_title":"Vide-maison, d\u00e9barras, rachat d\u2019or ou de meubles \u2013 Estimation gratuite","og_description":"Besoin d\u2019un d\u00e9barras rapide ou d\u2019un vide-maison ? Nous rachetons meubles, objets de valeur, bibelots et m\u00eame de l\u2019or. Intervention rapide, estimation gratuite et discr\u00e9tion assur\u00e9e. Contactez-nous d\u00e8s aujourd\u2019hui.","og_url":"https:\/\/www.fieniarnaud-antiquites-brocante-valenciennes.com\/index.php\/contactez-nous\/","og_site_name":"Antiquit\u00e9s FIENI Arnaud","article_modified_time":"2026-01-21T05:33:53+00:00","twitter_card":"summary_large_image","twitter_misc":{"Dur\u00e9e de lecture estim\u00e9e":"1 minute"},"schema":{"@context":"https:\/\/schema.org","@graph":[{"@type":"WebPage","@id":"https:\/\/www.fieniarnaud-antiquites-brocante-valenciennes.com\/index.php\/contactez-nous\/","url":"https:\/\/www.fieniarnaud-antiquites-brocante-valenciennes.com\/index.php\/contactez-nous\/","name":"Vide-maison, d\u00e9barras, rachat d\u2019or ou de meubles \u2013 Estimation gratuite","isPartOf":{"@id":"https:\/\/www.fieniarnaud-antiquites-brocante-valenciennes.com\/#website"},"datePublished":"2025-06-16T13:47:33+00:00","dateModified":"2026-01-21T05:33:53+00:00","description":"Besoin d\u2019un d\u00e9barras rapide ou d\u2019un vide-maison ? Nous rachetons meubles, objets de valeur, bibelots et m\u00eame de l\u2019or. Intervention rapide, estimation gratuite et discr\u00e9tion assur\u00e9e. Contactez-nous d\u00e8s aujourd\u2019hui.","breadcrumb":{"@id":"https:\/\/www.fieniarnaud-antiquites-brocante-valenciennes.com\/index.php\/contactez-nous\/#breadcrumb"},"inLanguage":"fr-FR","potentialAction":[{"@type":"ReadAction","target":["https:\/\/www.fieniarnaud-antiquites-brocante-valenciennes.com\/index.php\/contactez-nous\/"]}]},{"@type":"BreadcrumbList","@id":"https:\/\/www.fieniarnaud-antiquites-brocante-valenciennes.com\/index.php\/contactez-nous\/#breadcrumb","itemListElement":[{"@type":"ListItem","position":1,"name":"Accueil","item":"https:\/\/www.fieniarnaud-antiquites-brocante-valenciennes.com\/"},{"@type":"ListItem","position":2,"name":"Contactez nous"}]},{"@type":"WebSite","@id":"https:\/\/www.fieniarnaud-antiquites-brocante-valenciennes.com\/#website","url":"https:\/\/www.fieniarnaud-antiquites-brocante-valenciennes.com\/","name":"Antiquit\u00e9 FIENI Arnaud","description":"Vide maison - D\u00e9barras - Achat Cash","publisher":{"@id":"https:\/\/www.fieniarnaud-antiquites-brocante-valenciennes.com\/#organization"},"potentialAction":[{"@type":"SearchAction","target":{"@type":"EntryPoint","urlTemplate":"https:\/\/www.fieniarnaud-antiquites-brocante-valenciennes.com\/?s={search_term_string}"},"query-input":{"@type":"PropertyValueSpecification","valueRequired":true,"valueName":"search_term_string"}}],"inLanguage":"fr-FR"},{"@type":"Organization","@id":"https:\/\/www.fieniarnaud-antiquites-brocante-valenciennes.com\/#organization","name":"Vide Maison - D\u00e9barras - Achat d'Or","url":"https:\/\/www.fieniarnaud-antiquites-brocante-valenciennes.com\/","logo":{"@type":"ImageObject","inLanguage":"fr-FR","@id":"https:\/\/www.fieniarnaud-antiquites-brocante-valenciennes.com\/#\/schema\/logo\/image\/","url":"http:\/\/kodnvcb.cluster100.hosting.ovh.net\/wp-content\/uploads\/2025\/06\/Achat-Cash-miroir-dore.jpg","contentUrl":"http:\/\/kodnvcb.cluster100.hosting.ovh.net\/wp-content\/uploads\/2025\/06\/Achat-Cash-miroir-dore.jpg","width":640,"height":640,"caption":"Vide Maison - D\u00e9barras - Achat d'Or"},"image":{"@id":"https:\/\/www.fieniarnaud-antiquites-brocante-valenciennes.com\/#\/schema\/logo\/image\/"}}]}},"_links":{"self":[{"href":"https:\/\/www.fieniarnaud-antiquites-brocante-valenciennes.com\/index.php\/wp-json\/wp\/v2\/pages\/398","targetHints":{"allow":["GET"]}}],"collection":[{"href":"https:\/\/www.fieniarnaud-antiquites-brocante-valenciennes.com\/index.php\/wp-json\/wp\/v2\/pages"}],"about":[{"href":"https:\/\/www.fieniarnaud-antiquites-brocante-valenciennes.com\/index.php\/wp-json\/wp\/v2\/types\/page"}],"author":[{"embeddable":true,"href":"https:\/\/www.fieniarnaud-antiquites-brocante-valenciennes.com\/index.php\/wp-json\/wp\/v2\/users\/2"}],"replies":[{"embeddable":true,"href":"https:\/\/www.fieniarnaud-antiquites-brocante-valenciennes.com\/index.php\/wp-json\/wp\/v2\/comments?post=398"}],"version-history":[{"count":44,"href":"https:\/\/www.fieniarnaud-antiquites-brocante-valenciennes.com\/index.php\/wp-json\/wp\/v2\/pages\/398\/revisions"}],"predecessor-version":[{"id":1519,"href":"https:\/\/www.fieniarnaud-antiquites-brocante-valenciennes.com\/index.php\/wp-json\/wp\/v2\/pages\/398\/revisions\/1519"}],"wp:attachment":[{"href":"https:\/\/www.fieniarnaud-antiquites-brocante-valenciennes.com\/index.php\/wp-json\/wp\/v2\/media?parent=398"}],"curies":[{"name":"wp","href":"https:\/\/api.w.org\/{rel}","templated":true}]}}